 (-2)/(6/(-3)) - -2. Suppose 4*m - 327 = k*u, -m = -2*m - 5*u + 76. Suppose -10 + 46 = 4*p. Calculate the highest common factor of p and m.
9
Let b be (-7)/(84/(-99))*-4. Let g be b*5/((-60)/8). What is the highest common factor of g and 11?
11
Let f = -92 + 65. Let j = 49 + f. Suppose 0 = -3*b + j + 2. What is the greatest common factor of 1 and b?
1
Let b = 76 + -49. Let i be -48*3/(b/(-6)). Calculate the greatest common divisor of i and 160.
32
Suppose -5*r + s = 2*s - 1223, 3*s = 2*r - 496. Calculate the greatest common factor of 98 and r.
49
Let q(k) = 12*k**2 + 10*k + 14. Let o be q(6). What is the highest common divisor of o and 46?
46
Suppose 0 = 11*z - 14*z + 315. What is the greatest common factor of z and 168?
21
Let s = -1301 - -1416. Calculate the greatest common factor of 69 and s.
23
Suppose 0 = 4*v + v + 3*y + 27, -3*v - 20 = -2*y. Let h be ((-15)/(-10))/(v/8). Let n be -1 + 2/h + 9. What is the highest common divisor of 56 and n?
7
Suppose 3*y - 123 = m, 4*y + 2*m = -m + 151. Suppose 41*g - 19 = y*g. What is the greatest common factor of 38 and g?
19
Let n = 99 - 95. Suppose -9 = -2*u - v, n*v - 8 = -5*u + 16. Let o be 6/(-4)*(-8)/6. Calculate the greatest common factor of o and u.
2
Suppose 7 = -2*k + 1, -f = -k. Let d be 32/(-42)*f + (-6)/21. What is the highest common factor of d and 4?
2
Suppose 2*h = v + 14 - 51, 5*v + 4*h = 115. Calculate the greatest common factor of v and 135.
27
Let o be 729/45 - -6*4/30. What is the greatest common divisor of o and 3077?
17
Let y(d) be the third derivative of d**5/30 + d**4/8 - d**3/6 - 15*d**2. Let g be y(2). What is the greatest common divisor of 117 and g?
13
Suppose 2*p = -5*j + 3*j - 2, 14 = 4*p - 2*j. Suppose 26 = 2*d - p*b, 3*d + 5*b - 15 = -0*d. What is the greatest common divisor of d and 10?
10
Suppose 3*j - 5*p - 33 = 10, -2*j = p - 33. Calculate the highest common divisor of 264 and j.
8
Let v(j) = j. Let k = 15 - 10. Let a be v(k). Suppose -2*w = z - 23, -w - 128 = -5*z + 2*w. What is the highest common factor of a and z?
5
Let a = -31 - -23. Let m be (-20)/a*(-98)/(-35). Calculate the highest common divisor of m and 7.
7
Suppose -q + 103 = 4*v, v - 4 = -q + 21. Suppose -9 = 3*p, 20 + 43 = 4*f - p. Let d = v - f. Calculate the highest common divisor of d and 11.
11
Let p be 7/(-14) - 52/8 - -124. What is the greatest common divisor of 13 and p?
13
Let m = 17 - 5. Let i = m + 3. Let h be ((-32)/20)/((-1)/i). What is the highest common factor of 8 and h?
8
Let f = -691 - -693. What is the greatest common factor of 26 and f?
2
Let f = 28 - 49. Let k be f + 43 - (-1 + (0 - -1)). What is the greatest common factor of k and 198?
22
Let b(k) = k**2 + 4*k - 3. Let z be b(-7). Let y be ((-1)/(-2))/((-11)/110). Let q = 7 + y. What is the highest common divisor of q and z?
2
Suppose -4*g - 118 = -3*d + g, -d - 4*g = -28. Suppose -6*i = -9*i + d. What is the greatest common factor of i and 8?
4
Suppose -b = 4*g - 89 - 34, -b = -3. Calculate the highest common divisor of g and 18.
6
Let x be (-204)/(-187) - 1/11. What is the highest common factor of 11 and x?
1
Suppose 3*d = -33 - 3. Let w be (2/4)/((-3)/d). Suppose 0 = -w*n + 25 - 1. What is the highest common factor of n and 48?
12
Let z = -21 - -25. Suppose v - 4 = z. What is the highest common factor of v and 64?
8
Suppose 217 = -j + 4*j - 2*g, 0 = -5*g + 5. What is the greatest common factor of 584 and j?
73
Let n = -628 + 765. Calculate the greatest common factor of n and 1.
1
Let y = -99 - -141. Suppose -y = -3*q - 0*q. What is the greatest common factor of q and 28?
14
Let y be (-1)/3*-1*0. Suppose y = -0*p + p + d - 26, 4*d = 3*p - 64. What is the greatest common factor of 72 and p?
24
Let q(n) = -n + 7. Let s be q(5). Let f = s + 0. Suppose -f*w - 2*w = -12. Calculate the greatest common factor of 1 and w.
1
Let t(o) = -58*o + 128. Let f be t(2). Calculate the highest common divisor of 1248 and f.
12
Suppose 3*d = 10 + 5. Let l = -65 + 91. Suppose l = 8*t - 14. Calculate the greatest common factor of d and t.
5
Suppose 38 = -h + 2*h. Let p = -290 + 309. Calculate the greatest common divisor of h and p.
19
Suppose 3*a - 4*a + 24 = 0. Suppose 28*k - 100 = a*k. Calculate the highest common factor of 5 and k.
5
Suppose 0 = -2*u - 2*i - i + 26, 2*i + 20 = u. Suppose -y - 5*c + 57 = 0, 30*y = 31*y - 3*c - 17. Calculate the highest common divisor of y and u.
16
Let s(y) = 8*y + 3. Let m be s(5). Suppose m - 1 = d. Suppose 0*f = 5*f - 30. What is the highest common factor of d and f?
6
Let x = 797 + -730. What is the highest common factor of x and 1072?
67
Let d(k) = -k + 2*k + k + 28 - k. Let g be d(12). What is the highest common divisor of 16 and g?
8
Let z(y) = -y**3 - y**2 + 13. Let r be z(0). Suppose 0 = -t + r*t - 72. Calculate the greatest common divisor of 21 and t.
3
Let x = 140 - 46. What is the greatest common factor of 235 and x?
47
Let v(t) = t**3 - 7*t**2 - 7*t + 1. Let a be v(8). Calculate the greatest common factor of 81 and a.
9
Suppose -3*f - f = -16. Suppose -u + 31 - 27 = 0. What is the greatest common divisor of f and u?
4
Let i(n) = 3*n**3 + 5*n**2 + n + 3. Let k be i(-5). Let d = -10 - k. Calculate the highest common factor of 22 and d.
22
Let m = -37 + 41. Let s = -2 + m. Suppose 2*g = -5*c + 267, 0 = -2*g - s*g - 16. What is the highest common factor of 5 and c?
5
Let d = 10 + 21. Suppose -d = -4*q + 101. Let k = q - 9. Calculate the greatest common factor of 12 and k.
12
Suppose 130 = -10*z + 23*z. Calculate the greatest common divisor of z and 80.
10
Suppose -11*d + 5 = -16*d. Let u be d + (-1369)/(-4) - 3/12. Calculate the greatest common divisor of u and 31.
31
Suppose f + 4*k + 0 - 2 = 0, -3*f = k - 50. Let i be (-32)/(-6)*3*f/12. What is the greatest common divisor of 40 and i?
8
Suppose 4*f - 2*r - 100 = 352, -2*f + 234 = -5*r. Suppose 0 = 3*b - 0*b - 60. Suppose -b - 50 = -5*s. What is the greatest common factor of f and s?
14
Let m be 6/21 - 164/(-14). Let q be (-144)/(2 - (-14)/(-4)). What is the highest common factor of q and m?
12
Let t(r) = r**3 + 6*r**2 + 3*r + 1. Let h be t(-2). Let k = 22 - h. Suppose -6*z = -k*z + 20. Calculate the highest common factor of 20 and z.
4
Let q(c) = 3*c - 55. Let l be q(20). Let t be -15*3*3/(-9). Calculate the greatest common divisor of t and l.
5
Suppose -126*a + 123*a + 33 = 0. Let r(u) = -2 - 44*u + 1 + 1. Let h be r(-2). Calculate the greatest common factor of h and a.
11
Let a be (340/(-15))/(-17)*(-297)/(-6). What is the highest common divisor of 8 and a?
2
Let z = 4 - -1. Let j = -4 + z. Let o be (-1 - j) + 1 - -12. What is the greatest common divisor of o and 55?
11
Suppose 2*d - 27 - 17 = 0. Let p be 50/(15/3) + -8. Calculate the highest common divisor of p and d.
2
Let q = 11 + -3. Let z be 7/((-21)/(-48)) - -3 - 3. What is the highest common divisor of q and z?
8
Suppose -27*d + 199 = 16*d - 274. Let c(v) = v**2 + 7*v + 7. Let g be c(-6). Calculate the highest common factor of g and d.
1
Let a be 18/5 - 48/80. Suppose -3*h + a = y, -4*y = y - 4*h - 53. Suppose -y*s + 6*s + 96 = 0. Calculate the highest common factor of s and 8.
8
Suppose 9*q = 17*q - 360. Calculate the greatest common divisor of q and 105.
15
Suppose -3*h + 19 = a, -a + 2*h - 1 = 5. Suppose a = 2*r - 0. Suppose n = -r*q + 32 + 35, -3*q + 99 = 2*n. Calculate the highest common divisor of 7 and q.
7
Let k be -50*-2*(-2)/(-1). Suppose -4*t - 4*m + 76 = 0, t - 2*m = 13 + 9. Let o be 127/5 - (3 - 52/t). What is the highest common factor of k and o?
25
Let a = -10 - -138. Let w(m) = -50*m + 1. Let s be w(-1). Suppose -2*n + s - 19 = 0. Calculate the greatest common divisor of n and a.
16
Let d(s) = s**3 + 12*s**2 + 29*s - 6. Let q be d(-7). What is the greatest common divisor of 954 and q?
18
Let l be -11 - (-1 + 2)*-2. Let o = l + 12. Suppose -n = 2*b - 30, -1 - 8 = -o*b. What is the highest common divisor of 16 and n?
8
Suppose 4*v + 5*m - 56 = 0, -3*m = -0*v - v + 14. Suppose n + v = -58. Let d = -46 - n. What is the greatest common factor of 65 and d?
13
Let k be (54/10)/(-7 - (-1736)/245). What is the highest common divisor of 1701 and k?
63
Suppose -17425 = -21*f + 4*f. Calculate the highest common divisor of 41 and f.
41
Let x(t) be the second derivative of t**4/12 + t**3 + t